*t - 6. Suppose 0*p = 8*p - 48. What is the tens digit of b(p)?
6
Let h = 32 + -20. Let a be -11*(-4)/(16/h). Suppose 0 = 3*f - a - 102. What is the units digit of f?
5
Let r be -5*12/(-10) + 3. Let y(h) = -h**2 + 2*h - 11. Let p be y(r). Let u = p - -107. What is the units digit of u?
3
Let m = -1 + 5. Suppose 0 = r - m. Suppose r*t - 36 = 2*t. What is the tens digit of t?
1
Let l = -4590 - -6706. What is the tens digit of l?
1
Suppose 0 = 37*r - 105538 - 7460. What is the thousands digit of r?
3
Let l(n) = n**3 + 3*n**2 - 2. Let d be l(-2). Suppose -d*b + 35 + 9 = 0. What is the units digit of b?
2
Let n(j) = 7*j**2 - 158*j - 13. What is the units digit of n(26)?
1
Let s be -4 + 4/(-1 + -1). Let a(h) = 29*h**2 + 8*h + 4. Let n be a(s). What is the units digit of n/45 - (-4)/(-18)?
2
Let b(w) = 51*w**2 - 218*w - 27. What is the units digit of b(10)?
3
Suppose -850 = -c - 3*b, -2*c = 3*c - b - 4250. What is the tens digit of c?
5
Let u = -87 - -81. Let y = -1 + -1. What is the units digit of 40/(-16)*(u - y)?
0
Suppose 2*v = -5*n + 11, -n + 5*v - 8 = 2*v. Let c be n - 2 - 24/(-6). Suppose -5*z + 14 = -c*m, 5*m - 5*z + 10 + 0 = 0. What is the units digit of m?
2
Suppose -5*d = 5 - 15. Let t be 46 - 3/(-1 - 2). Suppose d*f - t - 3 = 0. What is the tens digit of f?
2
Suppose -7*u = -5*u. Let z(h) = -1. Let v(r) = r - 10. Let s(k) = -v(k) + 5*z(k). What is the units digit of s(u)?
5
Suppose 2*t + 2*q + 2*q - 536 = 0, -t = q - 272. What is the hundreds digit of t?
2
Suppose 30*c - 21*c = 7524. What is the hundreds digit of c?
8
Let s be -3 - (2/5)/(11/(-55)). What is the tens digit of (-1)/4*s + 630/8?
7
Suppose -799 = 41*d - 43*d - 3*h, -1985 = -5*d - 5*h. What is the hundreds digit of d?
3
Let o(c) = c**3 + 2*c**2 + 2*c + 2. Let h be (24/6)/((-2)/(-1)). Suppose -16 = -4*s + 2*w, h*w + w + 9 = s. What is the units digit of o(s)?
3
Let s = 1 + 3. Suppose 4 + 8 = s*v. Suppose v*x - 16 = 2*x. What is the units digit of x?
6
Let z be 20/(-15) - 1268/12. Let w = 10 - 68. Let c = w - z. What is the tens digit of c?
4
Suppose 0 = -4*g + 2*q + 635 + 759, q = g - 347. What is the tens digit of g?
5
Let u be 0/(-2*(-2)/(-4)). Suppose -3*s + u*s - 138 = 0. Let n = s - -72. What is the tens digit of n?
2
Suppose 1682 - 518 = 3*n. What is the tens digit of n?
8
Let l(r) = 2*r**2 - 6*r - 17. Let o be l(5). Suppose 4*w - o*h = 654, -2*w + 4*h = w - 487. What is the units digit of w?
5
Let n be 2 + 2 - 8*-64. Suppose -5*w = 2*v - 787, 4*w + 4*v - n = 116. What is the tens digit of w?
5
Let v = 113 - 8. Suppose w - v = 6*w. Let r = w - -61. What is the tens digit of r?
4
Let q(v) = -22*v - 26. Let p = -36 + 30. What is the tens digit of q(p)?
0
Suppose 3*u + 47 = i, 5*i - 5 = -2*u + 179. Let d = 51 - i. What is the tens digit of d?
1
Let n = 1148 + -107. What is the units digit of n?
1
Let l = 36 + -31. What is the tens digit of (-20)/6*(l - 23)?
6
Suppose 8 = -19*a + 18*a. What is the tens digit of (a/6 + 0)*-60?
8
Let d = 6 + -3. Let t = 6 - d. Let i = 13 - t. What is the units digit of i?
0
Suppose 0 = 5*o - 424 - 2191. What is the hundreds digit of o?
5
Let x be 3/2*12/9. Suppose p - x*p - 52 = 5*r, r - 5*p = 0. Let v = 2 - r. What is the tens digit of v?
1
Suppose 23*d = 17*d + 30. Suppose d*u - 1368 = -4*u. What is the tens digit of u?
5
Let y(d) = 2*d**2 + 28*d + 63. What is the tens digit of y(-17)?
6
Let n = -10 - -988. What is the tens digit of n?
7
Suppose -25*c - 213 = -1413. What is the tens digit of c?
4
Let c(s) = s**3 - 6*s**2 - 7*s + 9. Let y be c(7). Let n = 13 - y. Suppose -n*x + 35 = x. What is the units digit of x?
7
Let y = -40 + 37. What is the tens digit of (-58)/3*(y - (-3)/(-2))?
8
Suppose 8 = -4*u - 40. What is the tens digit of 93 - (-1 + u/(-4))?
9
Suppose -3*t + 9 = 3. Let g(l) = -l**3 - 7*l**t + 2 - 4*l - 3*l - l. What is the tens digit of g(-6)?
1
Let c(q) = q**2 + 2*q + 3. Let s(y) = -3*y**2 - y - 5 + 8*y + 4*y**2 + 0*y**2. Let g be s(-7). What is the units digit of c(g)?
8
Let k = 216 - 103. What is the hundreds digit of k?
1
What is the tens digit of 4226 - (-9 - 22/(-11))?
3
Let y = 18 - 15. Let r(n) = 6*n**3 - 5*n**3 + y*n**2 - 1 + 6*n + 5*n**2. What is the units digit of r(-7)?
6
Let n(d) = 102*d + 240. What is the units digit of n(5)?
0
What is the tens digit of -2 + 1 - (-43 + 4)?
3
Let r(o) = -3*o**3 + 8*o**2 + 10*o + 17. What is the hundreds digit of r(-7)?
3
Suppose -219*p + 221*p = 4398. What is the thousands digit of p?
2
Suppose -h - 2*m + m + 203 = 0, 0 = h - 5*m - 215. What is the units digit of h?
5
Suppose 0 = 4*k - 1915 + 551. What is the hundreds digit of k?
3
Suppose -4*l = -3*l - 4*p, -l - 4*p = 32. Let d(o) = o**3 + 15*o**2 - 20*o + 17. What is the tens digit of d(l)?
8
Let d(h) = -25*h - 7. Suppose -f + 6*i = 4*i + 11, 0 = 5*i - 15. What is the hundreds digit of d(f)?
1
Suppose -45 = 4*z - 9. Let w = 28 + z. Suppose r - 33 = -4*a + 23, -w = -a + r. What is the tens digit of a?
1
Let c = 61 - 1. Let k be 3/2*c/18. Suppose -k*m - 7 = 2*x + 7, 0 = x + m + 1. What is the units digit of x?
3
Let z(o) = 3*o**2 - 3*o + 3. Let j be z(-3). Let t = 50 - j. What is the units digit of t?
1
Suppose -3*v + 4*q + 3984 = 0, -4*v - 3*q = -254 - 5083. What is the thousands digit of v?
1
Let z(v) = -v + 13 - 1 - 5 + 7. What is the tens digit of z(-14)?
2
Suppose 327 = -q + 4*q. Suppose v - q = -o - v, -4*o + 415 = v. Let a = 144 - o. What is the units digit of a?
1
Let q(n) = 81*n**3 - n**2 - 4*n + 4. What is the units digit of q(1)?
0
Let a(p) = 185*p**3 + p**2 + 3*p - 4. What is the thousands digit of a(2)?
1
Let t be (-16)/(-9) - 8/(-36). Let k(w) = w**2 - 2*w + 2. Let q be k(t). Suppose -3*z + 61 = 2*f, -51 - 79 = -4*f + q*z. What is the tens digit of f?
3
Suppose -312*t - 1896 = -318*t. What is the tens digit of t?
1
Suppose 4*f - 6*f = -232. What is the hundreds digit of f?
1
What is the hundreds digit of 17223/11 + 4 + 369/(-99)?
5
What is the tens digit of (2 + (-20)/6)/(12/(-2682))?
9
Suppose -2*u + g - 46 = 5*g, 5*g - 40 = 4*u. Let s be 2 + (0 - 1) + u. What is the tens digit of (-346)/s - 6/(-21)?
2
Suppose 5*f + 0 = 20. Suppose -w - f*h = -3*h - 25, -28 = -w - 2*h. Suppose -3*a = -3*d + 48, d - w = -a - a. What is the units digit of d?
8
Let w be (-1)/(2 - (-29)/(-14)). Let g be 72/7 - 4/w. What is the units digit of (82/(-3))/(g/(-15))?
1
Let s(q) = -461*q + 18. What is the tens digit of s(-1)?
7
Let g be ((-6)/5)/((-24)/80). Let h be (0/(-1))/(2 - g). Suppose h = 5*l - 57 + 17. What is the units digit of l?
8
Let r(n) = -6*n - 8. Let g be r(-9). Suppose 0 = o + g + 73. Let b = -45 - o. What is the tens digit of b?
7
Suppose 155*g + 1560 = 159*g. What is the tens digit of g?
9
What is the units digit of (-15)/6*3736/(-20)?
7
Let l = -14 - -17. Suppose 3*j = -f + 6*j + 120, -4*f + l*j + 498 = 0. What is the tens digit of f?
2
Suppose -2*s + 22 = -0*s - 4*o, 4*o + 17 = s. Suppose -z = -3*z - 5*u + 211, 0 = s*z - 4*u - 445. What is the tens digit of z?
9
Let q(x) = 62*x**3 - 2*x**2 + x. Let f be q(1). Suppose 7*z = f + 51. What is the tens digit of z?
1
Let z(s) = 7*s**2 + 9*s + 8. What is the hundreds digit of z(-6)?
2
Suppose 61088 + 30893 = 59*m. What is the units digit of m?
9
Let s(i) = 13*i**2 + 2*i - 10. What is the units digit of s(4)?
6
Suppose -3*h = -2*x - 5318, 4*x = 2*h - 5*h + 5312. Let o = -2628 + h. What is the tens digit of o/(-40) - 6/(-10)?
2
Let l be 4 + 3/1 + 61. Suppose 5*d = 10, 4*w + 3*d + 38 = -l. Let p = w + 52. What is the tens digit of p?
2
Let i be (0 - (-3)/(-2))*2. Let o(m) = -4*m - 520. Let x be o(0). What is the units digit of 1/i + x/(-12)?
3
Suppose -14145 = 30*t - 45*t. What is the tens digit of t?
4
Let g(u) be the third derivative of -1/120*u**6 + 8/3*u**3 + 7/60*u**5 + 0 + 1/3*u**4 - 13*u**2 + 0*u. What is the units digit of g(7)?
2
Suppose 29*p = 19*p + 90. What is the units digit of p?
9
Suppose 0 = -5*c - 5*a, -4*c = 5*a - 2*a - 1. Let y be 2 - (0 - (2 - c)). Suppose y*v = 15 + 18. What is the tens digit of v?
1
Let b(n) = 9*n**3 - 9*n**2 + 16*n. What is the tens digit of b(3)?
1
Suppose -162 = -9*n - 1746. What is the tens digit of -2 + (16/(-4) - n)?
7
Let f(p) = 2*p**2 - 4. Let c be f(2). Suppose 3*i - 3*u = 477, c*u - 267 = -3*i + 182. What is the units digit of i/(4 